{"version":"1.0","provider_name":"Rede Litoral RS","provider_url":"https:\/\/redelitoralrs.com","author_name":"Reda\u00e7\u00e3o TV Litoral","author_url":"https:\/\/redelitoralrs.com\/index.php\/author\/redacaotvlitoral\/","title":"\u00daltimo dia para o Processo Seletivo em Torres! - Rede Litoral RS","type":"rich","width":600,"height":338,"html":"<blockquote class=\"wp-embedded-content\" data-secret=\"DJXQ8OuHGz\"><a href=\"https:\/\/redelitoralrs.com\/index.php\/2025\/01\/09\/ultimo-dia-para-o-processo-seletivo-em-torres\/\">\u00daltimo dia para o Processo Seletivo em Torres!<\/a><\/blockquote><iframe sandbox=\"allow-scripts\" security=\"restricted\" src=\"https:\/\/redelitoralrs.com\/index.php\/2025\/01\/09\/ultimo-dia-para-o-processo-seletivo-em-torres\/embed\/#?secret=DJXQ8OuHGz\" width=\"600\" height=\"338\" title=\"&#8220;\u00daltimo dia para o Processo Seletivo em Torres!&#8221; &#8212; Rede Litoral RS\" data-secret=\"DJXQ8OuHGz\" frameborder=\"0\" marginwidth=\"0\" marginheight=\"0\" scrolling=\"no\" class=\"wp-embedded-content\"><\/iframe><script>\n\/*! This file is auto-generated *\/\n!function(d,l){\"use strict\";l.querySelector&&d.addEventListener&&\"undefined\"!=typeof URL&&(d.wp=d.wp||{},d.wp.receiveEmbedMessage||(d.wp.receiveEmbedMessage=function(e){var t=e.data;if((t||t.secret||t.message||t.value)&&!\/[^a-zA-Z0-9]\/.test(t.secret)){for(var s,r,n,a=l.querySelectorAll('iframe[data-secret=\"'+t.secret+'\"]'),o=l.querySelectorAll('blockquote[data-secret=\"'+t.secret+'\"]'),c=new RegExp(\"^https?:$\",\"i\"),i=0;i<o.length;i++)o[i].style.display=\"none\";for(i=0;i<a.length;i++)s=a[i],e.source===s.contentWindow&&(s.removeAttribute(\"style\"),\"height\"===t.message?(1e3<(r=parseInt(t.value,10))?r=1e3:~~r<200&&(r=200),s.height=r):\"link\"===t.message&&(r=new URL(s.getAttribute(\"src\")),n=new URL(t.value),c.test(n.protocol))&&n.host===r.host&&l.activeElement===s&&(d.top.location.href=t.value))}},d.addEventListener(\"message\",d.wp.receiveEmbedMessage,!1),l.addEventListener(\"DOMContentLoaded\",function(){for(var e,t,s=l.querySelectorAll(\"iframe.wp-embedded-content\"),r=0;r<s.length;r++)(t=(e=s[r]).getAttribute(\"data-secret\"))||(t=Math.random().toString(36).substring(2,12),e.src+=\"#?secret=\"+t,e.setAttribute(\"data-secret\",t)),e.contentWindow.postMessage({message:\"ready\",secret:t},\"*\")},!1)))}(window,document);\n<\/script>\n","thumbnail_url":"https:\/\/redelitoralrs.com\/wp-content\/uploads\/2025\/01\/WhatsApp-Image-2025-01-09-at-13.21.15.jpeg","thumbnail_width":1170,"thumbnail_height":788,"description":"A Prefeitura de Torres informa que o prazo para as inscri\u00e7\u00f5es no Processo Seletivo n\u00b0 1.040, que oferece vagas para diversas \u00e1reas da educa\u00e7\u00e3o, se encerra nesta quinta-feira, 09 de janeiro. A sele\u00e7\u00e3o busca preencher vagas para os cargos de Professor de Matem\u00e1tica, L\u00edngua Inglesa, L\u00edngua Portuguesa, Educa\u00e7\u00e3o B\u00e1sica e Fonoaudi\u00f3logo."}

Redação TV Litoral

Último dia para o Processo Seletivo em Torres! - Rede Litoral RS

<blockquote class="wp-embedded-content" data-secret="DJXQ8OuHGz"><a href="https://redelitoralrs.com/index.php/2025/01/09/ultimo-dia-para-o-processo-seletivo-em-torres/">Último dia para o Processo Seletivo em Torres!</a></blockquote><iframe sandbox="allow-scripts" security="restricted" src="https://redelitoralrs.com/index.php/2025/01/09/ultimo-dia-para-o-processo-seletivo-em-torres/embed/#?secret=DJXQ8OuHGz" width="600" height="338" title="&#8220;Último dia para o Processo Seletivo em Torres!&#8221; &#8212; Rede Litoral RS" data-secret="DJXQ8OuHGz" frameborder="0" marginwidth="0" marginheight="0" scrolling="no" class="wp-embedded-content"></iframe><script>
/*! This file is auto-generated */
!function(d,l){"use strict";l.querySelector&&d.addEventListener&&"undefined"!=typeof URL&&(d.wp=d.wp||{},d.wp.receiveEmbedMessage||(d.wp.receiveEmbedMessage=function(e){var t=e.data;if((t||t.secret||t.message||t.value)&&!/[^a-zA-Z0-9]/.test(t.secret)){for(var s,r,n,a=l.querySelectorAll('iframe[data-secret="'+t.secret+'"]'),o=l.querySelectorAll('blockquote[data-secret="'+t.secret+'"]'),c=new RegExp("^https?:$","i"),i=0;i<o.length;i++)o[i].style.display="none";for(i=0;i<a.length;i++)s=a[i],e.source===s.contentWindow&&(s.removeAttribute("style"),"height"===t.message?(1e3<(r=parseInt(t.value,10))?r=1e3:~~r<200&&(r=200),s.height=r):"link"===t.message&&(r=new URL(s.getAttribute("src")),n=new URL(t.value),c.test(n.protocol))&&n.host===r.host&&l.activeElement===s&&(d.top.location.href=t.value))}},d.addEventListener("message",d.wp.receiveEmbedMessage,!1),l.addEventListener("DOMContentLoaded",function(){for(var e,t,s=l.querySelectorAll("iframe.wp-embedded-content"),r=0;r<s.length;r++)(t=(e=s[r]).getAttribute("data-secret"))||(t=Math.random().toString(36).substring(2,12),e.src+="#?secret="+t,e.setAttribute("data-secret",t)),e.contentWindow.postMessage({message:"ready",secret:t},"*")},!1)))}(window,document);
</script>

A Prefeitura de Torres informa que o prazo para as inscrições no Processo Seletivo n° 1.040, que oferece vagas para diversas áreas da educação, se encerra nesta quinta-feira, 09 de janeiro. A seleção busca preencher vagas para os cargos de Professor de Matemática, Língua Inglesa, Língua Portuguesa, Educação Básica e Fonoaudiólogo.
